.
17
Let k(x) = -2*x**2 + 89*x + 2566. What is k(-20)?
-14
Let k(v) = -58*v + 450. Calculate k(6).
102
Let s(a) = -a**3 + 21*a**2 + 35*a - 104. Give s(22).
182
Let r(b) = -2*b**2 - 245*b - 1044. Determine r(-118).
18
Let j(s) = 22*s - 21. Calculate j(2).
23
Let s(o) = -o**2 - 53*o - 85. What is s(-53)?
-85
Let d(v) = 117*v - 19. Determine d(0).
-19
Let d(j) = -158*j - 7986. What is d(-50)?
-86
Let y(c) = c**2 - 179*c + 2035. Determine y(12).
31
Let o(s) = 26*s**2 + 276*s + 552. What is o(-2)?
104
Let y(o) = -387*o - 7749. What is y(-20)?
-9
Let w(n) = -11*n**2 - 825*n + 7. What is w(-75)?
7
Let u(v) = 16*v - 10. Give u(9).
134
Let l(s) = 21*s + 837. What is l(-41)?
-24
Let n(p) = -8*p**2 + 659*p + 410. What is n(83)?
-5
Let d(t) = 13*t - 290. What is d(23)?
9
Let p(u) = -101*u - 10244. Calculate p(-101).
-43
Let z(g) = 181*g + 169. Calculate z(-4).
-555
Let s(z) = -11*z - 1167. Calculate s(-106).
-1
Let y(r) = -2*r**3 + 13*r**2 - 41*r + 62. Give y(3).
2
Let d(w) = w**2 + 7. What is d(13)?
176
Let g(o) = -9*o**2 + 190*o + 2. Calculate g(23).
-389
Let a(p) = 14*p + 556. Give a(-32).
108
Let s(o) = -o**3 - 78*o**2 - 734*o + 38. Calculate s(-11).
5
Let v(x) = x**3 - 13*x**2 - 2*x + 24. Calculate v(12).
-144
Let o(p) = -2*p**3 + 4*p**2 + 25*p - 60. Determine o(2).
-10
Let w(r) = -2*r**3 + 23*r**2 + 93*r + 7. Determine w(-3).
-11
Let z(y) = -3*y**2 - 22*y - 16. What is z(-5)?
19
Let j(i) = 120*i**2 + 4439*i - 39. What is j(-37)?
-2
Let r(o) = -3*o**2 - 10064*o - 20127. Determine r(-2).
-11
Let l(g) = 73*g + 1330. Determine l(-18).
16
Let p(v) = 321*v + 961. Calculate p(-3).
-2
Let k(h) = 7*h**2 - 194*h - 36. Determine k(29).
225
Let q(r) = r**2 + 483*r - 2928. Calculate q(6).
6
Let p(d) = 11*d**2 + 106*d + 5. What is p(-11)?
170
Let s(n) = -234*n + 3340. Determine s(14).
64
Let i(m) = -45*m**2 - 45*m + 4. Give i(1).
-86
Let x(r) = -r**3 - 32*r**2 - 48*r + 192. Give x(-30).
-168
Let y(v) = v**3 - 6*v**2 - 24*v + 47. What is y(9)?
74
Let t(s) = s**2 - 39*s - 271. What is t(-6)?
-1
Let i(y) = 4*y**2 + 14*y + 27. Determine i(-10).
287
Let g(j) = 48*j + 321. Determine g(-7).
-15
Let x(f) = -6*f**3 + f**2 + 2*f - 2. Determine x(2).
-42
Let q(n) = 5*n - 287. Calculate q(28).
-147
Let a(z) = z**3 - 10*z**2 - 32*z + 267. Determine a(5).
-18
Let z(m) = m**2 - 39*m. What is z(12)?
-324
Let n(b) = -b**2 + 319*b - 13004. What is n(271)?
4
Let i(y) = y**3 - 60*y**2 - 136*y + 431. What is i(62)?
-313
Let p(r) = -r**2 - 16*r + 291. Determine p(-29).
-86
Let l(s) = 4*s**3 - 28*s**2 + 6*s + 153. Calculate l(6).
45
Let k(o) = 5*o**2 + 131*o + 202. Calculate k(-25).
52
Let l(o) = -o**2 - 243*o - 1656. Determine l(-7).
-4
Let k(p) = -p**3 - 53*p**2 - 101*p + 53. What is k(-51)?
2
Let l(p) = 872*p + 6979. Determine l(-8).
3
Let n(x) = -33*x + 787. What is n(24)?
-5
Let n(p) = p**3 + 24*p**2 + 80*p + 3. What is n(-20)?
3
Let z(h) = 115*h - 591. Determine z(5).
-16
Let d(q) = 16*q**2 + 3745*q + 222. Give d(-234).
-12
Let x(r) = -r**3 + 7*r**2 + r + 101. Give x(12).
-607
Let w(p) = 232*p + 2783. Determine w(-12).
-1
Let t(n) = -276*n - 3867. Determine t(-14).
-3
Let a(b) = b**3 - 7*b**2 - 32*b + 132. What is a(9)?
6
Let h(z) = -4*z**2 - 63*z - 54. Determine h(-14).
44
Let y(a) = 3*a**3 - 36*a**2 + 109*a - 6. Calculate y(6).
0
Let b(d) = -3*d**2 - 114*d - 643. Give b(-6).
-67
Let q(x) = -x**3 - 2*x**2 + 7*x - 38. What is q(-8)?
290
Let q(g) = -g**3 + 19*g**2 - 51*g + 43. Give q(18).
-551
Let k(l) = -2*l**2 + 29*l - 39. Determine k(20).
-259
Let b(m) = -2*m**3 - m**2 - 7*m - 18. Give b(-4).
122
Let p(l) = -l**2 - 9*l + 152. Determine p(5).
82
Let m(z) = z**3 + 4*z**2 - 21*z - 10. Determine m(-6).
44
Let g(n) = -n**2 - 75*n - 1827. Determine g(-44).
-463
Let d(b) = 2*b**3 - 37*b**2 - 22*b - 52. Calculate d(19).
-109
Let a(y) = -57*y + 4390. Determine a(77).
1
Let c(v) = 648*v - 3228. Give c(6).
660
Let k(c) = -c**3 - 127*c**2 - 730*c - 475. Determine k(-121).
9
Let r(p) = -9*p**2 - 27*p + 56. Determine r(2).
-34
Let a(j) = 36*j**2 + 153*j + 4. What is a(-4)?
-32
Let s(j) = 3*j - 44. Calculate s(3).
-35
Let p(f) = -f**2 + 25*f - 18. What is p(16)?
126
Let t(f) = -239*f + 2389. Determine t(10).
-1
Let t(a) = -6*a**2 - 68*a + 4. Calculate t(-11).
26
Let f(j) = 2*j**3 + 35*j**2 + 975*j + 16285. Calculate f(-17).
-1
Let b(h) = -2*h**3 + 27*h**2 + 80*h + 17. Determine b(16).
17
Let l(x) = 18*x**2 + 103*x - 203. Calculate l(2).
75
Let s(p) = 66*p**2 - 394*p - 9. Determine s(6).
3
Let c(k) = k**3 + 49*k**2 + 46*k - 102. Determine c(-48).
-6
Let f(m) = -m**3 - 34*m**2 + 33*m - 183. Calculate f(-35).
-113
Let q(b) = 3*b**2 - 31*b - 39. What is q(10)?
-49
Let t(g) = -g**3 - 247*g**2 - 407*g - 39608. Determine t(-246).
-2
Let c(d) = d**2 + 36*d + 47. Give c(-36).
47
Let q(x) = x**2 + 74*x + 1320. What is q(-28)?
32
Let w(q) = 164*q + 47. Give w(-1).
-117
Let r(m) = -m**3 + 7*m**2 + 88*m + 92. Calculate r(14).
-48
Let x(y) = -y**3 + 3*y**2 + 173*y - 339. Give x(2).
11
Let g(l) = -l**3 + 78*l**2 - 73*l - 287. Determine g(77).
21
Let q(k) = k**3 + 32*k**2 + 83*k + 675. Calculate q(-30).
-15
Let c(q) = 2*q**3 + 60*q**2 + 154*q + 1086. Calculate c(-28).
-90
Let i(v) = v**2 - 81*v - 25. Give i(0).
-25
Let c(b) = 10*b**3 + 78*b**2 + 120*b + 2. Determine c(-2).
-6
Let a(c) = -2*c**2 + 87*c + 170. Give a(-2).
-12
Let w(n) = n**2 - 84*n - 3428. Determine w(-30).
-8
Let x(d) = -16*d**2 + 78*d + 79. What is x(-1)?
-15
Let q(i) = i**2 - 6*i + 44. Give q(11).
99
Let l(b) = -620*b + 1245. Calculate l(2).
5
Let y(k) = 7*k**3 - 2*k**2 - 101*k + 102. What is y(1)?
6
Let v(b) = -27*b + 396. Calculate v(14).
18
Let x(n) = 51*n + 60. Determine x(-1).
9
Let m(w) = -4*w**3 - 58*w**2 + 30*w + 31. Determine m(-15).
31
Let i(w) = 1745*w + 5250. Determine i(-3).
15
Let c(w) = 2*w**3 - 42*w**2 + 4*w - 21. Calculate c(21).
63
Let z(p) = -2*p**2 - 110*p + 1762. What is z(-68)?
-6
Let a(m) = -74*m + 1134. Calculate a(16).
-50
Let f(u) = -6*u**2 - 80*u - 211. Calculate f(-10).
-11
Let f(w) = 4*w**2 - 6*w + 1. Calculate f(4).
41
Let h(s) = -52*s - 1616. Give h(-31).
-4
Let c(g) = g**2 + 34*g - 400. Calculate c(9).
-13
Let k(m) = -2*m**3 + 539*m**2 - 814*m + 2685. Determine k(268).
5
Let g(a) = 3*a**3 + 67*a**2 - 287*a - 17. Give g(-26).
9
Let q(o) = -3183*o - 79580. Determine q(-25).
-5
Let c(l) = 20*l + 994. Determine c(-54).
-86
Let m(g) = -g**3 - 20*g**2 + 91*g - 107. Calculate m(-24).
13
Let l(j) = -j**2 - 61*j - 390. Give l(-26).
520
Let m(x) = -x**3 - 13*x**2 - 31*x - 105. Give m(-11).
-6
Let k(p) = p**3 + 104*p**2 + 20*p + 2086. Determine k(-104).
6
Let w(i) = -22*i**2 + 81*i + 9. What is w(3)?
54
Let g(u) = -3*u**2 + 878*u - 6830. Calculate g(8).
2
Let s(l) = -70*l**2 + 373*l - 12. Give s(5).
103
Let v(b) = -b**3 - 2*b**2 + 62*b + 236. Give v(-5).
1
Let c(m) = m**2 - 1227*m + 38240. Determine c(32).
0
Let x(v) = -20*v - 4. Determine x(5).
-104
Let j(d) = d**3 + 10*d**2 + 198*d + 1454. Determine j(-8).
-2
Let k(p) = -69*p - 1165. Give k(-17).
8
Let h(m) = -16*m**3 + 4*m - 25. Determine h(-3).
395
Let g(b) = b**2 + 186*b + 3881. Calculate g(-162).
-7
Let y(d) = d**3 - 28*d**2 + 29*d - 35. Give y(27).
19
Let n(g) = -2*g + 51. Give n(2).
47
Let t(s) = 9*s**3 - s**2 - 117*s - 115. Calculate t(-1).
-8
Let v(h) = h**3 - 5*h**2 - 10*h + 12. Give v(7).
40
Let i(h) = 6*h**3 - 7*h**2 + 13*h - 9. What is i(2)?
37
Let t(q) = 265*q - 31264. What is t(118)?
6
Let c(g) = -6*g**2 - 119*g - 190. Determine c(-18).
8
Let s(w) = w**2 + 48*w - 316. What is s(-54)?
8
Let g(d) = -d**3 - 10*d**2 - 43*d + 12. Give g(-6).
126
Let z(x) = -334*x - 6331. What is z(-19)?
15
Let k(q) = -q**2 + 24*q + 495. Calculate k(32).
239
Let j(d) = 641*d + 2574. What is j(-4)?
10
Let g(r) = r**3 - 27*r**2 + 184*r - 30. Determine g(13).
-4
Let k(s) = 4*s**3 - 84*s**2 + 3*s - 56. What is k(21)?
7
Let d(l) = -2*l**3 - 63*l**2 + 49*l + 73. Give d(-32).
-471
Let b(q) = 187*q + 9486. Calculate b(-51).
-51
Let h(g) = 3*g**2 + 4*g - 45. Give h(-6).
39
Let t(j) = j**3 + 29*j**2 - 387*j + 119. Determine t(-39).
2
Let q(k) = k**3 - 4*k**2 + 2*k - 37. What is q(4)?
-29
Let u(l) = l**3 - 20*l**2 - 80*l - 11. Determine u(23).
-264
Let j(t) = 46*t**2 + 968*t + 52. Give j(-21).
10
Let s(k) = -19*k**2 - 1101*k + 71. What is s(-58)?
13
Let o(j) = -j**3 + 19*j**2 + 4*j 